{"id":111,"date":"2017-05-05T01:13:16","date_gmt":"2017-05-05T04:13:16","guid":{"rendered":"https:\/\/petshopfornazari.com.br\/?page_id=111"},"modified":"2017-06-28T16:59:29","modified_gmt":"2017-06-28T19:59:29","slug":"oncologia","status":"publish","type":"page","link":"https:\/\/petshopfornazari.com.br\/index.php\/oncologia\/","title":{"rendered":"Oncologia"},"content":{"rendered":"<div id=\"pl-111\"  class=\"panel-layout\" ><div id=\"pg-111-0\"  class=\"panel-grid panel-no-style\" ><div id=\"pgc-111-0-0\"  class=\"panel-grid-cell\" ><div id=\"panel-111-0-0-0\" class=\"so-panel widget widget_sow-editor panel-first-child panel-last-child\" data-index=\"0\" ><div class=\"panel-widget-style panel-widget-style-for-111-0-0-0\" ><div class=\"so-widget-sow-editor so-widget-sow-editor-base\">\n<div class=\"siteorigin-widget-tinymce textwidget\">\n\t<h5><span style=\"font-size: 18pt;\"><strong><span style=\"font-family: arial,helvetica,sans-serif;\">Oncologia<\/span><\/strong><\/span><\/h5>\n<p style=\"text-align: justify;\"><span style=\"font-family: arial,helvetica,sans-serif; font-size: 14pt;\">Focado no tratamento do c\u00e2ncer em c\u00e3es e gatos h\u00e1 uma veterin\u00e1ria especializada para isso. Realizando avalia\u00e7\u00f5es e com ajuda de exames espec\u00edficos consegue fazer os diagn\u00f3sticos precisos do seu animal.<\/span><br \/> <span style=\"font-family: arial,helvetica,sans-serif; font-size: 14pt;\"> Dependendo da patologia, h\u00e1 tratamentos como quimioterapias e radioterapias e at\u00e9 mesmo cirurgias altamente espec\u00edficas com anestesia inalat\u00f3ria para maior seguran\u00e7a.<\/span><\/p>\n<p style=\"text-align: justify;\">\u00a0<\/p>\n<p style=\"text-align: justify;\">\u00a0<\/p>\n<p style=\"text-align: justify;\"><strong><span style=\"font-size: 18pt; font-family: arial,helvetica,sans-serif;\">Lucia Maria Guedes Silveira<img loading=\"lazy\" class=\" wp-image-608 alignright\" src=\"https:\/\/petshopfornazari.com.br\/wp-content\/uploads\/2017\/05\/20170118_104253-256x300.jpg\" alt=\"\" width=\"15%\" height=\"254\" srcset=\"https:\/\/petshopfornazari.com.br\/wp-content\/uploads\/2017\/05\/20170118_104253-256x300.jpg 256w, https:\/\/petshopfornazari.com.br\/wp-content\/uploads\/2017\/05\/20170118_104253-768x899.jpg 768w, https:\/\/petshopfornazari.com.br\/wp-content\/uploads\/2017\/05\/20170118_104253-875x1024.jpg 875w, https:\/\/petshopfornazari.com.br\/wp-content\/uploads\/2017\/05\/20170118_104253.jpg 979w\" sizes=\"(max-width: 256px) 100vw, 256px\" \/><\/span><\/strong><\/p>\n<p align=\"justify\"><span style=\"font-size: 14pt; font-family: arial,helvetica,sans-serif;\">Possui gradua\u00e7\u00e3o em Medicina Veterin\u00e1ria pela Universidade Paulista (1995) e mestrado em Medicina Veterin\u00e1ria pela Universidade Paulista (2000).<\/span><\/p>\n<p align=\"justify\"><span style=\"font-size: 14pt; font-family: arial,helvetica,sans-serif;\">Atualmente \u00e9 professora da Universidade Paulista. Tem experi\u00eancia na \u00e1rea de Medicina Veterin\u00e1ria, com \u00eanfase em Cl\u00ednica Cir\u00fargica e Oncologia, atuando principalmente nos seguintes temas: cirurgia, oncologia, eletroquimioterapia.<\/span><\/p>\n<p align=\"justify\">\u00a0<\/p>\n<p align=\"justify\">\u00a0<\/p>\n<p align=\"justify\">\u00a0<\/p>\n<p align=\"justify\">\u00a0<\/p>\n<p align=\"justify\">\u00a0<\/p>\n<p align=\"justify\">\u00a0<\/p>\n<\/div>\n<\/div><\/div><\/div><\/div><\/div><\/div>","protected":false},"excerpt":{"rendered":"<p>OncologiaFocado no tratamento do c\u00e2ncer em c\u00e3es e gatos h\u00e1 uma veterin\u00e1ria especializada para isso. Realizando avalia\u00e7\u00f5es e com ajuda de exames espec\u00edficos consegue fazer os diagn\u00f3sticos precisos do seu animal. Dependendo da patologia, h\u00e1 tratamentos como quimioterapias e radioterapias e at\u00e9 mesmo cirurgias altamente espec\u00edficas com anestesia inalat\u00f3ria para maior seguran\u00e7a.\u00a0\u00a0Lucia Maria Guedes SilveiraPossui [&hellip;]<\/p>\n","protected":false},"author":1,"featured_media":0,"parent":0,"menu_order":0,"comment_status":"closed","ping_status":"closed","template":"","meta":{"_joinchat":[]},"_links":{"self":[{"href":"https:\/\/petshopfornazari.com.br\/index.php\/wp-json\/wp\/v2\/pages\/111"}],"collection":[{"href":"https:\/\/petshopfornazari.com.br\/index.php\/wp-json\/wp\/v2\/pages"}],"about":[{"href":"https:\/\/petshopfornazari.com.br\/index.php\/wp-json\/wp\/v2\/types\/page"}],"author":[{"embeddable":true,"href":"https:\/\/petshopfornazari.com.br\/index.php\/wp-json\/wp\/v2\/users\/1"}],"replies":[{"embeddable":true,"href":"https:\/\/petshopfornazari.com.br\/index.php\/wp-json\/wp\/v2\/comments?post=111"}],"version-history":[{"count":14,"href":"https:\/\/petshopfornazari.com.br\/index.php\/wp-json\/wp\/v2\/pages\/111\/revisions"}],"predecessor-version":[{"id":613,"href":"https:\/\/petshopfornazari.com.br\/index.php\/wp-json\/wp\/v2\/pages\/111\/revisions\/613"}],"wp:attachment":[{"href":"https:\/\/petshopfornazari.com.br\/index.php\/wp-json\/wp\/v2\/media?parent=111"}],"curies":[{"name":"wp","href":"https:\/\/api.w.org\/{rel}","templated":true}]}}