{"id":679,"date":"2017-07-01T12:39:44","date_gmt":"2017-07-01T15:39:44","guid":{"rendered":"https:\/\/petshopfornazari.com.br\/?page_id=679"},"modified":"2017-07-01T12:57:38","modified_gmt":"2017-07-01T15:57:38","slug":"ecocardiograma","status":"publish","type":"page","link":"https:\/\/petshopfornazari.com.br\/index.php\/ecocardiograma\/","title":{"rendered":"Ecocardiograma"},"content":{"rendered":"<div id=\"pl-679\"  class=\"panel-layout\" ><div id=\"pg-679-0\"  class=\"panel-grid panel-no-style\" ><div id=\"pgc-679-0-0\"  class=\"panel-grid-cell\" ><div id=\"panel-679-0-0-0\" class=\"so-panel widget widget_sow-editor panel-first-child panel-last-child\" data-index=\"0\" ><div class=\"panel-widget-style panel-widget-style-for-679-0-0-0\" ><div class=\"so-widget-sow-editor so-widget-sow-editor-base\">\n<div class=\"siteorigin-widget-tinymce textwidget\">\n\t<p><span style=\"font-family: arial,helvetica,sans-serif; font-size: 14pt;\"><strong>Ecocardiograma<\/strong><\/span><\/p>\n<p><span style=\"font-family: arial,helvetica,sans-serif; font-size: 14pt;\">Ecocardiograma abrange os m\u00e9todos de diagn\u00f3stico da estrutura e do funcionamento do cora\u00e7\u00e3o baseados no uso de ultrassom, ou seja, as ondas ac\u00fasticas com frequ\u00eancia de mais de 20 mil Hz (ciclos por segundo), geralmente em torno de 2 a 4 MegaHertz (MHz). Este exame \u00e9 frequentemente empregado na avalia\u00e7\u00e3o, sopro card\u00edaco, sintomas de palpita\u00e7\u00e3o, s\u00edncope, falta de ar, dor tor\u00e1cica ou portadores de diversas doen\u00e7as card\u00edacas como doen\u00e7as do m\u00fasculo card\u00edaco (infarto do mioc\u00e1rdio, miocardiopatias), insufici\u00eancia card\u00edaca, doen\u00e7as das valvas, anomalias cong\u00eanitas, entre outras. <br \/><\/span><\/p>\n<p><span style=\"font-family: arial,helvetica,sans-serif; font-size: 14pt; color: #ff0000;\">OBS.: Todos os exames s\u00e3o realizados com hora marcada e com encaminhamento do veterin\u00e1rio.<\/span><\/p>\n<p>\u00a0<\/p>\n<p>Fonte: Wikpedia<\/p>\n<\/div>\n<\/div><\/div><\/div><\/div><\/div><\/div>","protected":false},"excerpt":{"rendered":"<p>EcocardiogramaEcocardiograma abrange os m\u00e9todos de diagn\u00f3stico da estrutura e do funcionamento do cora\u00e7\u00e3o baseados no uso de ultrassom, ou seja, as ondas ac\u00fasticas com frequ\u00eancia de mais de 20 mil Hz (ciclos por segundo), geralmente em torno de 2 a 4 MegaHertz (MHz). Este exame \u00e9 frequentemente empregado na avalia\u00e7\u00e3o, sopro card\u00edaco, sintomas de palpita\u00e7\u00e3o, [&hellip;]<\/p>\n","protected":false},"author":1,"featured_media":0,"parent":0,"menu_order":0,"comment_status":"closed","ping_status":"closed","template":"","meta":{"_joinchat":[]},"_links":{"self":[{"href":"https:\/\/petshopfornazari.com.br\/index.php\/wp-json\/wp\/v2\/pages\/679"}],"collection":[{"href":"https:\/\/petshopfornazari.com.br\/index.php\/wp-json\/wp\/v2\/pages"}],"about":[{"href":"https:\/\/petshopfornazari.com.br\/index.php\/wp-json\/wp\/v2\/types\/page"}],"author":[{"embeddable":true,"href":"https:\/\/petshopfornazari.com.br\/index.php\/wp-json\/wp\/v2\/users\/1"}],"replies":[{"embeddable":true,"href":"https:\/\/petshopfornazari.com.br\/index.php\/wp-json\/wp\/v2\/comments?post=679"}],"version-history":[{"count":6,"href":"https:\/\/petshopfornazari.com.br\/index.php\/wp-json\/wp\/v2\/pages\/679\/revisions"}],"predecessor-version":[{"id":706,"href":"https:\/\/petshopfornazari.com.br\/index.php\/wp-json\/wp\/v2\/pages\/679\/revisions\/706"}],"wp:attachment":[{"href":"https:\/\/petshopfornazari.com.br\/index.php\/wp-json\/wp\/v2\/media?parent=679"}],"curies":[{"name":"wp","href":"https:\/\/api.w.org\/{rel}","templated":true}]}}